 Let p(q) = 5*q - 1. Calculate p(j).
-11
Suppose 0*r - r = 3. Let p(m) = -m**3 + 7*m**2 + 9*m - 7. Let l be p(8). Let s(f) = -f - 4 + 2 + l. What is s(r)?
2
Let l = -33 - -39. Let b(s) = s**2 - 6*s + 1. Give b(l).
1
Let n = 11 - -1. Suppose -n = -4*x + 4. Let v(h) = -h**3 + 3*h**2 + 4*h - 4. Give v(x).
-4
Let a(t) be the third derivative of -1/3*t**3 - 1/120*t**6 + 1/30*t**5 + 0*t + 0*t**4 + 4*t**2 + 0. Let x(i) = i + 1. Let w be x(1). Determine a(w).
-2
Suppose -4*k + 15 = y, -10 = -4*k - y - y. Let f(g) = g**3 - 5*g**2 - 2*g - 5. Determine f(k).
-15
Let l(x) = 5*x**3 + 5*x**2 - 6*x - 8. Let r(g) = 9*g**3 + 10*g**2 - 11*g - 15. Let u(f) = 11*l(f) - 6*r(f). Let y = -122 + 127. Determine u(y).
2
Let v(u) = u**2 + 4*u - 2. Let c = -4 - -1. Let n be ((-2 - c) + -6)*1. What is v(n)?
3
Let j(c) = c. Let p(i) = -4*i + 9. Let g(r) = 5*j(r) + p(r). Let x be g(-7). Let t(v) = -v**x + 2*v + 7*v - 4*v + 2. Give t(4).
6
Let o(g) = -10*g**2 - 5*g**2 + 18*g**2 - 5*g**2. Let p(h) = h - 3. Let n be p(4). Determine o(n).
-2
Let i(s) = -s**3 - 7*s**2 - 7*s - 9. Suppose -2*v = -2*r + 2, -4*v = -4*r + 6*r + 4. Suppose -5*w = -10, -m + w + w - 10 = r. Calculate i(m).
-3
Let o = -129 - -122. Let r(i) = 2*i + 3. Calculate r(o).
-11
Let d be ((-12)/30)/(1/(-5)). Let f(n) = -d - 3*n + 3 - 5*n - 3*n. Calculate f(1).
-10
Let k = 2 + -2. Suppose 2*z + 3 - 1 = k. Let l(r) = 3*r + 1. What is l(z)?
-2
Let q(o) = o - 1. Let n = -79 + 83. Determine q(n).
3
Let s(f) = 0 + 4*f + 2 + 3. Let o be (-6)/((-6)/(-4) + -3). Suppose -4*d + 7 + 9 = -5*n, 0 = o*n + d + 17. What is s(n)?
-11
Let f(r) be the first derivative of -r**4/4 - r**3 + 269. Let o(u) = u + 1. Let y be o(-3). Let h be 5*((-16)/(-10) + y). Determine f(h).
-4
Suppose 0 = -3*l - 5 + 14. Let u = 5 - 3. Let d(p) = -p**u + 37 - 35 + 0*p + p. What is d(l)?
-4
Let u(l) = 2 + 6 + l**3 + l + 9*l**2 - 4*l**2 - 4. Let t(b) = b - 2. Let m be t(-3). What is u(m)?
-1
Let i(g) = 17 + 3*g + g**3 - 2*g**3 + 3*g**2 - 18. Determine i(3).
8
Let a(m) be the third derivative of -m**7/2520 + m**6/90 - m**5/30 + 3*m**4/8 - 8*m**2. Let f(s) be the second derivative of a(s). Calculate f(6).
8
Let s(i) = 4*i**2 + 3*i**2 - 2 + 0*i**2 - 2*i - 2*i**2 - i**3. Suppose 0 = 2*r + 7 - 1. Let n(q) = -q - 1. Let m be n(r). Give s(m).
6
Let g(c) = c + 1. Let y(v) be the third derivative of v**5/60 - 5*v**4/24 + v**3/6 + 5*v**2. Let k be y(4). Determine g(k).
-2
Let v(w) = 5*w**2 + 5*w**2 + 16*w**2 - 1 + w - 3*w**2. Calculate v(1).
23
Let p(m) = 24*m**3 + m**2. Let i = 121 + -120. What is p(i)?
25
Let q(n) = -n - 1. Let m be q(-4). Suppose -5*z - m = 22. Let g(p) = 6*p**2 - p - 11. Let r(b) = 5*b**2 - 10. Let x(h) = 4*g(h) - 5*r(h). What is x(z)?
1
Let w(n) be the third derivative of n**4/24 + 4*n**2. What is w(-4)?
-4
Let s(p) = -2*p - 3. Suppose u + 2*r + 5 = -0*r, -2*u + 18 = -3*r. Suppose -5*h + 15 = -4*g, -17 = 2*h - 0*g + u*g. Let n be 3/((-3)/4) - h. What is s(n)?
3
Let y(m) = -m**3 - 8*m**2 + 2*m + 16. Let t be y(-8). Let d(o) = o**3 + o + 4. Calculate d(t).
4
Let r(f) be the third derivative of -f**6/120 + 2*f**5/15 + 11*f**4/24 - 7*f**3/6 + 29*f**2 + f. Determine r(9).
11
Let t(u) = -7*u + 12. Let g(n) = 15*n - 25. Let y(i) = -6*g(i) - 13*t(i). Suppose 0*q - 5*q + 20 = 0. Give y(q).
-2
Let s be (-45)/15*(-1 + 0). Let f(g) = g**2 - 3. Calculate f(s).
6
Let i be (-26)/22 - 6/(-33). Let n be 1*3 - (2 + i). Let o(t) = -2*t**2 + 3*t - 2. Calculate o(n).
-4
Let s = -3 + 4. Let h(o) = -3*o**2. Give h(s).
-3
Suppose x = 3*x - 14. Let a(j) = -j**2 + 7*j + 1. Determine a(x).
1
Let s(a) = -a**3 - 3*a**2 + 5*a + 3. Suppose -v - 9 = -5. Calculate s(v).
-1
Let t = -64 + 66. Let h(q) = q**3 - 4*q**2 + 3*q. What is h(t)?
-2
Suppose -2*j = -5*j - 3, 3 = -5*s - 3*j. Let m = s + 1. Let i(r) = -10*r + 1. What is i(m)?
-9
Let g(v) = -v**2 - 5*v + 3. Let z(f) = -2*f**2 + 2*f**3 - 2*f + 1 - 4*f**3 + 4*f. Let n be z(-2). Suppose 0*i = -i - n. Calculate g(i).
3
Let v(o) = -o**2 - 9*o - 10. Let j be v(-5). Let u = 15 - j. Let q(k) = 7*k - 3*k**2 + 3 + 2*k**2 - k. Give q(u).
8
Let c(o) = -2*o - 2. Let v be -2*(25/2)/(-5). Let b(q) = -4*q - 4. Let j(d) = v*c(d) - 2*b(d). Let p = -1 - 1. What is j(p)?
2
Let n(t) = t**2 - 2*t + 4. Let b(y) = y**3 - 7*y**2 + y - 4. Let p be b(7). What is n(p)?
7
Let w(y) = 2*y - 5. Let x(z) = -7*z + 3*z + 9 + 0*z. Let g(d) = 7*w(d) + 4*x(d). Suppose -5*i + 3*i + 6 = 0. Give g(i).
-5
Let t(w) = 0 - 3*w - 7*w**3 - w**3 + 7*w**3 + 6*w**2 - 8. Determine t(6).
-26
Let n(b) be the first derivative of -b**3/3 + 3*b**2 + 8*b - 1. Let d be n(7). Let v = d + 2. Let j(p) = p**3 - 2*p**2 - 5*p + 3. Give j(v).
-3
Let t(o) = -o - 1. Let n(g) = -g**3 + 14*g**2 - 12*g - 14. Let y be n(13). Calculate t(y).
0
Let q(g) = g**3 - 2*g**2 + 10*g + 6. Let k(n) = -n**2 + n + 1. Let b be 3/9 + (-33)/(-9). Suppose u + 3*u = b. Let f(i) = u*q(i) - 6*k(i). Calculate f(-3).
-3
Let s(q) = q. Suppose 7*r - 20 = 2*r. Let h be (2/r)/((-4)/(-136)). Suppose -t + 0*y - 7 = -2*y, h = -2*t + 5*y. Give s(t).
-1
Let w(x) = x**3 + 8*x**2 + 3*x - 1. Let b(s) = -s**3 - 7*s**2 - 3*s. Let a(l) = 5*b(l) + 4*w(l). Let n = 8 + -11. Give a(n).
5
Let g(o) = -2*o**2 - 15*o - 10. Let r be g(-7). Let q(u) = -u**2 + u - 2. Give q(r).
-14
Let i(x) be the second derivative of x**5/20 + 5*x**4/12 + x**3/2 + 2*x**2 + 22*x. Calculate i(-5).
-11
Let v(p) = 453*p**2 - 3 + 2*p**3 - p**3 - 444*p**2. Calculate v(-9).
-3
Let p(i) = 4 + 5*i**3 - 1 - i - 3*i**3 - 2 - i**2. Determine p(-2).
-17
Let h(o) be the first derivative of o**2 - 6*o + 32. Determine h(6).
6
Let f(i) = -i**2 - 6*i - 2. Suppose -4*x - 4*s = -12, 4*x - 4*s = x + 37. Let w(b) = 3*b + b**2 + 3 - x*b - 2*b. Let y be w(4). Calculate f(y).
3
Let u(v) be the third derivative of v**6/120 - v**5/10 + v**4/8 + v**3 - 23*v**2. Calculate u(5).
-4
Suppose -6 = -3*j + 15. Suppose 2*f + 6 = -b, 2*b + 3*f + j = -0*b. Let g(t) be the second derivative of t**4/12 - t**3/2 - t**2/2 - t. Give g(b).
3
Let f = 20 - 4. Suppose 3*y = -15, f = l + 5*y + 43. Let o(p) = -7*p - 4. Let w(x) = -10*x - 6. Let m(t) = -7*o(t) + 5*w(t). Give m(l).
0
Let n be (4/(-6))/((-4)/(-6)). Let h(r) = r + 2. Let p be h(0). Let k(q) = -2*q - 14*q**2 - 9 + 8 + q**p. What is k(n)?
-12
Suppose 15 = 8*x - 3*x. Suppose 0 = -2*p - x*p + 15. Suppose b = -0*b - p. Let g(t) = -t**2 - 4*t - 3. What is g(b)?
0
Let k(m) be the first derivative of -m**4/4 + 5*m**3/3 + 4*m**2 - 3*m + 2. Give k(6).
9
Let n(c) = -27*c**2 + 56*c**2 + 4*c - 30*c**2 - 2. What is n(3)?
1
Let m(b) = 0 + 6*b**2 - 1 - 7*b**2. Let n be (-2 + 3)*(0 - 0). Let t be m(n). Let k(i) = -4*i**3 - i - 1. What is k(t)?
4
Let n be (4/8)/(1/10). Suppose n*v + 1 = 4*d, -d = 3*v - 0 + 4. Let b(l) = l**3 + l**2 - l - 1. Give b(d).
0
Let f(y) = -2*y**3 + 2*y**2 + y. Let t = -34 - -33. Determine f(t).
3
Let t(x) = -1 + 5*x**3 + 6*x - 1 + 0 + 3*x**2 - 6*x**3. What is t(4)?
6
Let h(m) be the third derivative of 0*m - 7*m**2 - 2/3*m**3 - 1/12*m**4 + 0. What is h(-3)?
2
Let k(r) = 2*r**2 - 5*r + 2. Let l be (1/4)/((-3)/(-36)). What is k(l)?
5
Suppose -7 = -3*t + 11. Let p = t + -11. Let k(o) = 6 + o + o + 0. Determine k(p).
-4
Let h(y) = -3*y - 74 + 70 + 4*y. Determine h(-3).
-7
Let w(z) = 2*z + 14. Let y be w(-6). Let r(b) = -5*b**3 - 6*b**2 + 13*b - 13. Let v(t) = -2*t**3 - 3*t**2 + 6*t - 6. Let j(x) = 3*r(x) - 7*v(x). Determine j(y).
1
Let q(k) be the second derivative of k**4/12 + 3*k**3/2 + 5*k**2 + 7*k. Give q(-7).
-4
Let r(h) be the first derivative of h**7/840 - h**6/90 + h**4/8 - 2*h**3 - 2. Let i(m) be the third derivative of r(m). What is i(4)?
3
Let b(q) = 9*q**3 + 2*q**2 - 2*q + 1. Let v(u) = 19*u**3 + 5*u**2 - 4*u + 3. Let c(a) = -5*b(a) + 2*v(a). Suppose 16*h - 5 = -21. Calculate c(h).
6
Let i(j) be the third derivative of -j**6/120 + j**5/10 - j**4/4 - j**3/3 + 5*j**2. Let d(k) = k**2 + 9*k + 13. Let b be d(-8). Calculate i(b).
-7
Let w(k) be the third derivative of k**4/24 + 3*k**3/2 + k**2 + 3*k. Give w(-7).
2
Let m(v) = -3*v**2 + v. Let w = -43 + 45. Give m(w).
-10
Suppose -5*g + 60 - 10 = 0. Suppose g = m + 2. Let p = m + -8. Let f(t) = -t + 7. What is f(p)?
7
Let j(x) = 2*x + 9. Let i be j(-7). Let q(p) = -p**3 - 4 + p**2 + 4*p + 0*p**3 - 5*p**2. Calculate q(i).
1
Suppose -9 = -4*l - 49. Let o be (-3)/5 + 4/l. Let t(a)